 + 0*l**2 - 4*l**2 + 3*l + 2*l**2. Calculate j(r).
5
Let p(l) = 2*l**2 + 4*l. Let j(s) = -2*s**2 - 5*s - 1. Let a(b) = 3*j(b) + 2*p(b). What is a(-5)?
-18
Suppose -2*d - 2*r = -3*r - 2, 0 = 3*d + 2*r - 10. Let f(x) = 2 - 2*x - 5*x + 1 + 4*x + x**d. What is f(2)?
1
Let r(f) = f - 1. Let d be 1/((-10)/12 - -1). Let h be r(d). Let j(c) = -c**3 + 4*c**2 + 5*c - 1. What is j(h)?
-1
Let f = 22 - 19. Let m be (1 - f - -1)*5. Let c(w) = -3*w**2 - 8*w + 4. Let s(o) = -4*o**2 - 9*o + 5. Let k(t) = 3*c(t) - 2*s(t). Determine k(m).
7
Let o be 2/(-5)*1*-5. Let l(g) be the third derivative of 0 + 0*g + 1/6*g**3 + 1/30*g**5 + 3*g**o + 1/4*g**4. Calculate l(-4).
9
Let p = 1 - 2. Suppose 0*y + 2*y - 3*a = 10, 5*y - 4 = -3*a. Let n be 0 + (6 + p - y). Let k(d) = d**3 - 3*d**2 - 3*d + 1. Determine k(n).
-8
Let d(n) = -n**3. Let r = -15 + 12. Let s = 5 + r. What is d(s)?
-8
Let x = 68 + -72. Let o(b) = b**2 + 3*b. Give o(x).
4
Let c(f) = f**2 + 4*f. Suppose -2 + 1 = -k + d, 4*d - 6 = 2*k. Suppose 4*m - 3*u + 6*u = -k, -m = u. Give c(m).
5
Let j(c) be the third derivative of -c**5/60 - c**4/6 - c**3/6 + 17*c**2. Give j(-6).
-13
Suppose 0*q + q - 5*o = 20, -2*o = -2*q. Let l be -3 - 6/((-24)/20). Let n(u) = 3 - 11*u**2 - u**3 + 2*u**3 + 17*u**l + 5*u. Calculate n(q).
3
Let m(o) be the first derivative of o - 1/2*o**2 - 2*o**3 + 2. Give m(1).
-6
Let d(u) = 4*u**3 + 2*u**2 - 2*u + 1. Let h = 3 - 2. What is d(h)?
5
Let p(g) = 4*g**2 + 4*g + 3. Let t be 2*3*(-5)/15. What is p(t)?
11
Let d(y) = 10*y + 1. Let l be d(2). Suppose 5*n + l = 1. Let w(s) be the first derivative of s**2/2 + 5*s - 23. What is w(n)?
1
Let k(x) = x**2 + 6*x. Let d be k(-5). Let h = -6 - d. Let u be 7 - h - (-1 - -3). Let t(q) = q**2 - 6*q - 6. What is t(u)?
-6
Let j = 7 - 9. Let r(q) = 3*q. Let p(z) = 7*z. Let y(k) = j*p(k) + 5*r(k). What is y(-6)?
-6
Let b(x) be the second derivative of -x**5/20 + x**3/3 - x**2/2 - 4*x. Let q be b(1). Let p(i) be the second derivative of i**3/6 - i**2 - 2*i. Give p(q).
-2
Let d = -24 + 24. Let s(w) = -w - 6. Determine s(d).
-6
Let s(i) = 7*i**2 - 2*i + 1. Let z be s(1). Let x(t) = 3*t**2 - 6 - 4*t - 9*t**2 - t**2 + 4*t**2 + 4*t**2. Calculate x(z).
6
Let a(s) = -4*s**2 + s + 5. Let f(l) = 17*l**2 - 3*l - 21. Let c(j) = -9*a(j) - 2*f(j). Calculate c(-2).
11
Suppose -5*o - 53 = -13. Let x(h) = -h**3 - 9*h**2 - 4*h + 4. Give x(o).
-28
Let d be (-2 - 0)*(-4 + 6). Let y(t) = t - 6. Let g(u) = -3 + 1 + 1. Let f(c) = 4*g(c) - y(c). Determine f(d).
6
Let a(v) = 5 + v**2 + 0*v**2 - 8 - 2. Let j be -2*(-1)/(-2)*4. Calculate a(j).
11
Let f(t) be the first derivative of -t**3/3 + 7*t**2/2 - 8*t + 9. Calculate f(6).
-2
Let d(a) be the third derivative of a**5/60 + 5*a**4/24 + 7*a**3/6 - 3*a**2. Calculate d(-5).
7
Let x be 56/(-6) + 9 - 14/(-6). Let z(g) be the first derivative of 3*g**2/2 - 2*g + 1. Calculate z(x).
4
Let t(q) be the third derivative of -q**6/120 + q**5/30 + q**4/12 - q**3/6 + 11*q**2. Calculate t(-2).
11
Let y(p) be the second derivative of -p**3/3 - p**2 - 11*p. Calculate y(-5).
8
Let b(x) be the first derivative of x**3/3 - 3*x**2 + 7. What is b(3)?
-9
Let d(n) be the second derivative of -n**3/6 + n**2 - n. Suppose -4*g + 0*g = -28. Let w = g + -11. Calculate d(w).
6
Let p = -6 - -4. Let x = 3 - p. Let b(n) = n**3 - 4*n**2 - 4*n + 4. Calculate b(x).
9
Suppose 4*y - 9 = b, 4*b = y - 4*y + 21. Let s(i) be the first derivative of i**3/3 - 2*i**2 + 3*i + 2. Determine s(b).
0
Let u(l) = 1 + 2*l - l + 3*l**2 - 2*l**2 + 0*l. What is u(-3)?
7
Let a(l) = 2 - 2 - 1 + 2*l. Let p(z) = z - 10. Let o be p(9). Let y be (3 - 5)/(-2) - o. Give a(y).
3
Let d(h) = -5*h**2 - h - 3. Let f(w) = -11*w**2 - w - 6. Let g(o) = -13*d(o) + 6*f(o). Calculate g(7).
3
Let q(x) = -7*x**3 + 2*x**2 + 2*x + 1. Let d = 34 + -35. Determine q(d).
8
Let p(a) = -a**3 + 5*a**2 + 7*a - 7. Suppose 10 + 26 = 3*w. Suppose x + w = 3*x. Determine p(x).
-1
Let p(a) be the first derivative of -3*a**2/2 - 10*a + 46. Determine p(-7).
11
Let p(k) be the second derivative of 2*k + 0 + k**2 + 1/24*k**4 + 0*k**3. Let a(u) be the first derivative of p(u). What is a(6)?
6
Let q(t) be the second derivative of 3*t - 1/60*t**5 + 1/6*t**3 + 1/6*t**4 + 0 - 3/2*t**2. Let j(p) be the first derivative of q(p). What is j(4)?
1
Let d = 6 + -12. Let i = 7 + d. Let q(r) = 4*r - 6 + 4 + i + 2*r**2 - 3*r**2. Determine q(4).
-1
Let h(a) be the second derivative of a**3/6 + a**2/2 + 36*a + 1. Determine h(8).
9
Let q(u) be the second derivative of u**5/20 - u**4/12 - u**3/6 - 10*u. What is q(-1)?
-1
Let h(n) = -n**2 + 6*n - 7. Let c(t) = 5*t**2 + t + 1. Let a be c(-1). Calculate h(a).
-2
Let p(q) be the second derivative of q**6/360 - q**5/120 - q**4/12 + 2*q**3/3 - 5*q. Let s(i) be the second derivative of p(i). Give s(-2).
4
Let u(b) be the first derivative of -b**5/120 + b**4/24 - 4*b**3/3 - 8. Let n(r) be the third derivative of u(r). What is n(3)?
-2
Let s(a) = -a**3 + 6*a**2 + 7*a. Let x = -10 + 17. Determine s(x).
0
Let o(n) = -n**3 - 2*n**2 - 4*n - 3. Let s be o(-2). Let d(r) = -2 - 2 + 2 + s*r. Let m = 0 - -2. Give d(m).
8
Let h(d) = -2*d + 1. Suppose 4*u - 22 = -5*f, 0 = f - 0*f - 2*u + 4. Calculate h(f).
-3
Let i be 1/(-2 + 1) - -1. Let w(f) = -f**3 + 2*f**2 - 2*f - 3. Let u(p) = p**3 - p**2 + p. Suppose h = 3*h + 2. Let d(a) = h*w(a) - 2*u(a). Calculate d(i).
3
Let y(q) be the third derivative of -7*q**2 + 0 + 0*q + 1/60*q**5 + 1/6*q**3 - 7/24*q**4. Suppose -2 - 3 = -c. Calculate y(c).
-9
Let r(w) = -w**3 + 4*w**2 - 3*w + 7. Let i be r(4). Let l(b) = -b**2 - 7*b - 5. Calculate l(i).
5
Let x(h) = -4 + 3*h - 5 + 5 + 5. Give x(-3).
-8
Let r(f) = f**3 - 7*f**2 + f - 4. Let o be -4 + 2 + -2 - -11. Give r(o).
3
Suppose 2*b - 2 = 4*k + 4, -k + 21 = -5*b. Let t(u) = 3 - 7 - u**2 + 1 + 0*u**2 - 5*u. Calculate t(b).
-3
Let j(l) = -l - 2. Let t be 7 + -4 + (-2 - -2). Let g = -4 + t. Calculate j(g).
-1
Let t(q) = q**3 - q - 2. Let p(y) = -2*y**3 + 2*y + 2. Let z(r) = -2*p(r) - 3*t(r). Let l be 0 - (-3 - -3) - -2. Let g be (-1)/(1/l*-1). Calculate z(g).
8
Suppose 0 = 3*k + 13 - 1. Let q be (5 - 3)*(k - -2). Let y be (q/6)/(3/27). Let x(h) = -h**2 - 5*h. What is x(y)?
-6
Let y(d) = -d**2 + 6*d + 17. Let f be y(8). Let s = 7 - 4. Let n(b) = 3*b + s + 0 - 2. Give n(f).
4
Let r(f) be the second derivative of -f**3/6 - f**2 + 3*f. Let a be r(3). Let y(z) = 2*z + 7. What is y(a)?
-3
Let x(j) = 0*j**2 + 2*j**2 - 3*j**2. Let z(b) = -3*b**2 + b - 6. Let o(u) = u + 8. Let m be o(-7). Let k(s) = m*z(s) - 4*x(s). Determine k(0).
-6
Let y(g) be the first derivative of g**3/3 + 2*g**2 + 4*g - 33. What is y(-3)?
1
Let q = 18 + -23. Let x(t) = -t**2 - 4*t + 8. Let l(f) = 1. Let r(n) = -5*l(n) + x(n). Give r(q).
-2
Let r(z) = z**3 + 6*z**2 + 7*z + 3. Suppose -h + 20 = 4*p, -h - 27 - 7 = -5*p. Suppose 20 = -p*i + 2*i. Determine r(i).
-7
Let n(c) = c**2 + 0*c**2 - 2*c**2 + 4 - 7*c. Let u be n(-7). Let v(h) = -h**2 + 7*h - 5. Let m(w) = w + 1. Let a(t) = -m(t) + v(t). Give a(u).
2
Suppose 4 = 5*h - 1. Let m(p) = p - 5*p - 2*p. What is m(h)?
-6
Suppose 0 = 2*l + 3*l - 20. Let w(v) = -3*v + 2 - l + 0. What is w(4)?
-14
Let g be (2/4)/((-2)/20). Let p(c) be the third derivative of -2*c**2 + 0*c + 1/3*c**3 + 5/24*c**4 + 1/60*c**5 + 0. Give p(g).
2
Let d(b) be the second derivative of -b**5/30 - b**4/6 - b**3/3 - 4*b. Let u(h) be the second derivative of d(h). Suppose 0*f - f = 3. Determine u(f).
8
Let n(c) = 3*c - 11 + 15 - c. What is n(4)?
12
Let t(o) = 5*o**2 + 1. Let n be ((-2)/6)/((-2)/(-6)). Calculate t(n).
6
Suppose 0 = 3*y + 2*y. Let m(x) = x + 5. Give m(y).
5
Suppose 2*d + 2*d = 0. Let g(p) = 7*p + 1 - 4*p + d. Suppose 5 = 5*c + 15. Calculate g(c).
-5
Let m(w) be the second derivative of -w**5/10 + w**4/6 + w**3/3 - w**2 - 4*w - 4. Calculate m(2).
-6
Let t(l) be the first derivative of -l**3/3 + 7*l**2/2 - 7*l - 3. Determine t(7).
-7
Let m(o) = -13*o**2 - 14*o**2 - 16*o**2 - 1 - 5*o + 42*o**2. Calculate m(-3).
5
Let k(d) = -3*d - 1. Suppose -2*t - 2*t = 3*n - 24, 2*t = 6. Let g be (-5)/(-6) + n/24. What is k(g)?
-4
Let i(h) = -h**2 - 7*h - 4. Suppose 3*z + 3*w - 41 = -2, 2*w = 2. Suppose 0 = -2*f + 7*f - 20. Suppose -8 - z = f*r. Calculate i(r).
6
Let v(a) = 4*a**2 + 83*a**3 - 5*a + 2 - 84*a**3 + 3*a**2. What is v(6)?
8
Suppose 0 = 6*t - t 